e -k - 5*t + 1321 = 0, -k = -612*t + 609*t - 1329. What is the greatest common factor of 816 and k?
102
Suppose 7*i - 13*i - 5*q = -20533, i - 4*q - 3427 = 0. What is the highest common factor of 14 and i?
7
Suppose 0 = 3*p + 6*p - 1440. Suppose 4*k = 3*j - p, 87 - 17 = j + 2*k. What is the greatest common divisor of 12 and j?
12
Let w be ((-30)/8)/(71/(-1988)). Suppose -5*h - 525 = -8*h. Calculate the highest common factor of h and w.
35
Suppose 5929 = 88*h + 1001. Calculate the highest common divisor of h and 10808.
56
Let k = 13299 + -13261. Calculate the highest common divisor of 32 and k.
2
Let b(a) = 5*a**2 - 5*a - 30. Let p be b(12). Calculate the highest common divisor of p and 36.
18
Let c = 12012 - 10802. What is the highest common divisor of c and 50?
10
Suppose 19*i + 22 = 3. Let c be (i + 0)/(12 - 11)*-12. Calculate the highest common factor of c and 108.
12
Let j(z) = -19*z - 9. Let q be j(-8). Let m = 519 - 814. Let x be -10 + m/(-30) + 79/6. What is the greatest common divisor of q and x?
13
Let h(t) = -12*t - 300. Let o be h(-33). Suppose -5*c + 2*r + 97 = -26, -4*r - o = -4*c. What is the greatest common factor of c and 325?
25
Suppose 0*w + w = 148. Let s = -103 + w. Suppose 14*i + 895 = 52*i + 141*i. Calculate the greatest common divisor of s and i.
5
Let y = 4420 - 1380. Calculate the highest common divisor of 30 and y.
10
Let q = 286 - 286. Let t be (15/5 - 2) + (251 - q). Calculate the highest common factor of t and 28.
28
Suppose 3*g = 126 - 48. Let a = -40 - -44. Suppose -5 = 4*x - 21, -3*y + g = -a*x. Calculate the highest common divisor of y and 42.
14
Suppose 2*y + 127 = 5*z - y, y - 79 = -3*z. Suppose 3*r + z = 5*f, 5*r - 4*r - 38 = -5*f. What is the greatest common factor of f and 49?
7
Let y = 604 - 602. Suppose 0 = y*z - 169 - 137. Suppose 0 = 2*i - 5*i + 51. Calculate the greatest common factor of z and i.
17
Let i(h) = -2*h**3 - 148*h**2 - 697*h + 93. Let o be i(-69). What is the highest common divisor of o and 2376?
72
Let l(a) = 37*a**2 + a - 1. Let t be l(1). Let h = -4399 - -4547. What is the greatest common factor of h and t?
37
Suppose a + 0*a = -2*z + 834, 5*a + 4*z = 4164. Suppose -216 = -t + 3*d, -4*d - a = -0*t - 4*t. What is the highest common factor of 136 and t?
68
Suppose 37*n - 36*n - 4*a = 18, -4*n = 5*a - 30. Calculate the highest common divisor of 4220 and n.
10
Suppose 14*g + g = -27*g + 4032. What is the greatest common divisor of g and 536?
8
Suppose 16*h - 18*h - 6 = 0. Let g = h - -7. Let r be (-37)/(-9) + (-4)/36. Calculate the greatest common divisor of r and g.
4
Let y(r) = 2*r**2 + 33*r - 8. Let g be y(-16). Let w(k) = -k**2 - 25*k + 68. Let i be w(g). Calculate the greatest common divisor of 4 and i.
4
Suppose -5*l = 3*j - 2386, -3*j = -4*j + 5*l + 782. Let k be -15 - (-22)/(242/957). Calculate the highest common divisor of k and j.
72
Suppose -5*c + 12 + 8 = 0. Suppose -3*y = -0*y + 4*v - 241, -c*y = v - 317. Let d = -52 + y. What is the greatest common factor of d and 18?
9
Suppose -200 = -5*d + 2*f, -2*f - f = 3*d - 141. Calculate the highest common divisor of d and 7210.
14
Let k be 48/20*(-2 - -7). Let c = -40 - -42. Suppose p + 84 = c*p. What is the highest common factor of p and k?
12
Suppose -5*x + 78 = -r, 3*x = -4*r - 276 - 128. Let j = -97 - r. Let f = j - -4. What is the highest common divisor of 3 and f?
1
Let k be (-2)/((10/(-8))/5). Let o = -153 - -129. Let p = 32 - o. Calculate the greatest common divisor of k and p.
8
Suppose -2*p + 80 = 2*p - 3*c, 2*p - 4*c - 40 = 0. Let l = -14 + p. Let v be (l/10*5)/(2/22). Calculate the greatest common divisor of v and 22.
11
Let v(j) = -j**3 - 55*j**2 - 410*j + 29. Let a be v(-8). Suppose -56 = -c + 73. Calculate the highest common factor of c and a.
43
Let m = 81 + -77. Suppose 0 = p + m*p + t - 52, 14 = p + 2*t. Let w = p + 115. Calculate the greatest common divisor of w and 25.
25
Let i = -24 + 56. Let h = 36 + -28. What is the greatest common factor of h and i?
8
Suppose 2*q + 20 = 4*z + 6*q, -5*z + 4*q + 25 = 0. Suppose -57*l - 64 = -59*l - f, -z*f = 10. Calculate the highest common factor of l and 3.
3
Let b(q) = -96*q - 10031. Let i be b(-105). Suppose -13 = 5*s - 48. What is the greatest common factor of i and s?
7
Suppose 3748 = 3*m + 52*l - 48*l, 4*l - 6268 = -5*m. What is the greatest common divisor of 21 and m?
21
Suppose 9175 = 7*x + 7607. Let n = 89 - 57. What is the greatest common factor of n and x?
32
Let j(h) = 14*h - 6. Let m be j(-3). Let z be 2/(m/28 - -2). Let v be 1 + -3 - 1*-65. Calculate the greatest common factor of v and z.
7
Suppose 0 = -77*w + 29*w + 912. Let o(s) = 7*s - 53. Let d be o(w). Calculate the greatest common divisor of 32 and d.
16
Let p(b) = b**3 - 22*b**2 - 3*b + 33. Let q be p(22). Let o = q + 40. What is the highest common factor of o and 1?
1
Suppose -131*r + 137*r - 96 = 0. Suppose 8*a + r*a = 216. What is the highest common divisor of a and 9?
9
Let m be 207/46*20/18. Suppose -a + 109 = a + 5*f, -4*f - 256 = -m*a. Calculate the highest common factor of a and 208.
52
Let m = 30 - 33. Let p(u) = 3*u + 6. Let h be p(m). Let f be h/(-1) - (0 + -19). Calculate the greatest common divisor of 11 and f.
11
Let d(o) = -2*o + 10. Let l be d(-8). Let f(t) = -121*t - 3. Let r be f(2). Let g be 6/4 + r/(-10). Calculate the greatest common divisor of g and l.
26
Let l be 1/(-3) + 413/(-21) - -5. Let u be (l/(-2))/((-23)/(-276)). Calculate the highest common factor of u and 2.
2
Suppose 5*m + 3*n = 95, 82*n - 20 = 86*n. Calculate the greatest common factor of m and 202.
2
Let i(p) = 69*p**3 + 3*p**2 - 6*p + 6. Let h be i(1). Let q(t) = -23*t - 6. Let d be q(-2). What is the greatest common factor of d and h?
8
Suppose 110 = 2*p + 3*a, 23*p + 5*a = 27*p - 154. Calculate the highest common divisor of p and 2461.
23
Suppose 4*k - 4*j = 88, 10*j - 6*j + 25 = k. Let m(x) = 3*x**2 - 54*x - 87. Let v be m(k). What is the highest common factor of 136 and v?
34
Let b(g) = -g + 9. Suppose 3*u + u = 20. Let d be b(u). Suppose 0 = 5*p + 5*l - 315, -11*p + 6*p - l + 335 = 0. What is the highest common divisor of d and p?
4
Let x be (-4)/(-1) + 99/11. Suppose -h + x = 7. Suppose -h*l = -2*l - 544. Calculate the greatest common divisor of l and 17.
17
Let q(j) = -10*j - 4. Let m be q(-4). Let l = -116 - -140. Calculate the greatest common divisor of l and m.
12
Let b(c) = -294*c + 55. Let x be b(-2). Suppose -449 = -12*i + x. Calculate the greatest common factor of 182 and i.
91
Let q = 7 - -17. Suppose 4*v + 404 = z, 0*v - 3*v + 2118 = 2142. What is the greatest common divisor of q and z?
12
Let t(w) = -w**2 - 36*w + 33. Let s = -23 + 9. Let j be t(s). Suppose -187 + 32 = -5*l. What is the highest common divisor of j and l?
31
Let k be ((-9)/(-2) - 7)*528/(-60). Calculate the greatest common divisor of 12617 and k.
11
Let u = -11095 + 11106. Let f(b) = b**3 + 6*b**2 - 5*b - 2. Let j be f(-6). Let h = j - 6. What is the greatest common factor of h and u?
11
Suppose -15*d = -13*d - 20. Let j be 20/(-3)*471/(-314). What is the highest common factor of j and d?
10
Let t be (30/8)/15 + (-247)/(-4). Suppose -8*j + 106 = -t. Let f = 11 + -8. What is the greatest common factor of f and j?
3
Suppose 8*w + 4 = -20. Let m(i) = i**3 + 3*i**2 - 6*i - 5. Let f be m(w). Suppose 9*a - f*a = -416. What is the greatest common factor of 26 and a?
26
Suppose 22 = 5*v - 38. Let z = -23224 + 23374. What is the greatest common factor of v and z?
6
Suppose 4*x = -0*x + 32. Let y(r) = r + 83. Let z be y(x). Let h = 118 - z. Calculate the highest common factor of 3 and h.
3
Let g be (-36*33/6)/(39/(-26)). What is the greatest common factor of 348 and g?
12
Suppose 0 = -2*w - 17 + 53. Let u be 6*(1 - (-48)/w). Let h be (-6)/(-4)*(21 + 1). Calculate the highest common factor of u and h.
11
Suppose -4*w + 26 = -14. Let u(r) = -18*r - 4. Suppose -5*o - 5*y - 25 = 0, o - y = 3*o + 8. Let i be u(o). What is the greatest common factor of i and w?
10
Suppose 5*o = 0, -4*o + 1453 = a + 1408. Calculate the greatest common factor of 3990 and a.
15
Let b(h) = -h**3 - 13*h**2 - h + 8. Let k(l) = 13*l - 182. Let z be k(13). Let o be b(z). Calculate the highest common divisor of 21 and o.
21
Let h(b) = 5*b - 2*b + 4 + 20 + b - 2*b. Suppose 3*g 